j - 5*x - 10 = 0. Suppose 5*z - 21*z + 288 = j. Calculate the greatest common factor of z and 8.
2
Let p = -15393 + 16805. What is the highest common factor of 4 and p?
4
Let k(g) = 42*g**2 - 20*g - 93. Let l be k(-5). Suppose -11*m + l = -714. Calculate the highest common divisor of m and 35.
7
Suppose -605*y + 11730 + 663 = -596*y. What is the greatest common divisor of 81 and y?
81
Let m(w) = -w**2 - 2*w + 39. Let v be m(7). Let z be (30/v)/((-2)/(-12))*-2. Calculate the greatest common divisor of z and 135.
15
Suppose 0 = -4*s - q + 1543, 782 = 2*s + 6*q - 2*q. Let y = 1778 + -1708. Calculate the greatest common factor of s and y.
35
Suppose 810*x - 673417 = 787*x. Calculate the greatest common divisor of 23 and x.
23
Let v be 4/(-16)*(0 + 284)/(-1). Suppose -v*a + 410 = -69*a. What is the greatest common factor of a and 41?
41
Let t(f) be the second derivative of -f**4/12 - 17*f**3/6 + 13*f**2 - 29*f. Let q be t(-18). What is the highest common factor of q and 32?
8
Suppose r = -a + 49, 9*a = 6*a + 12. What is the highest common factor of r and 705?
15
Let w = -369 - 111. Let q = -390 - w. What is the highest common factor of 6 and q?
6
Let b = -970 - -970. Suppose -48*u + 7708 + 1796 = b. Let h be (-216)/(-10) - 2/(-5). Calculate the greatest common divisor of u and h.
22
Let b be 1/((-4)/8)*1*16. Let s be 1/(4/(-16)) - 7*b. Calculate the greatest common divisor of s and 22.
22
Let o(t) = 8*t**3 - 9*t**2 - 42*t + 293. Let c be o(6). What is the highest common factor of c and 595?
85
Let f = -85 - -185. Let t be f/(-16) + 2 - 5/(-20). Let w be 408/18 - 4 - t/(-6). Calculate the greatest common divisor of 18 and w.
18
Suppose -109*t = -40486 + 2990. Calculate the highest common factor of t and 24.
8
Let z = -67 - -71. Suppose -5*p = -x + 35, -z*p = -17 - 3. What is the highest common divisor of 260 and x?
20
Let u(p) = -9*p**3 - 2*p**2 + 37*p + 72. Let q be u(-2). Calculate the greatest common factor of 2542 and q.
62
Suppose -4424*o = -4446*o + 102168. Calculate the greatest common divisor of o and 108.
108
Let j be 1/2*(-1 + -1). Let a = j + -3. Let y be 4 + (-22)/a*12. What is the greatest common divisor of y and 10?
10
Let n(h) = 16*h + 100. Let i be n(-5). Suppose 6*m = -i*m + 702. What is the highest common divisor of m and 72?
9
Suppose 4*q - 68 - 44 = 0. Suppose -5 = -2*l + 11. Suppose l*v - q = 4*v. What is the greatest common divisor of v and 77?
7
Suppose 5*d = -0*d - 15. Let o = d - -15. Let c be (0 - 1)/((-332)/(-336) - 1). Calculate the greatest common factor of o and c.
12
Suppose 0 = 853*i - 844*i - 13932. What is the greatest common factor of 240 and i?
12
Suppose 0 = -2497*s + 2377*s + 1003440. What is the highest common divisor of 296 and s?
74
Suppose -24*o + 425 = -919. Calculate the greatest common factor of o and 2072.
56
Let i be (-10)/(-15) - 1079666/(-69). What is the greatest common factor of 96 and i?
96
Let k(z) = z**3 + 5*z**2 - 4*z - 6. Let m be k(-5). Suppose -13*a = -20*a + m. Calculate the greatest common divisor of 1 and a.
1
Let d = 6625 - 6622. What is the highest common divisor of 199 and d?
1
Suppose -574*m = -561*m - 25454. What is the highest common divisor of m and 1246?
178
Let k(c) = -5*c**2 + 18*c + 1. Let t(v) = -v**2 + 2*v - 1. Let i(q) = -k(q) + 6*t(q). Let g be i(-4). What is the highest common divisor of g and 3?
1
Suppose -3*h - 35*u + 39*u = -84, -4*h + 112 = 2*u. Suppose -5*o + 3*o + 5 = -3*q, -o + 7 = 3*q. Calculate the highest common divisor of h and o.
4
Let b(f) = -21*f + 20 + 4 + 2. Let v(c) = -10*c + 13. Let o(a) = 3*b(a) - 7*v(a). Let l be o(7). What is the highest common divisor of 9 and l?
9
Let q be (-1 - -5)*17050/124. Calculate the greatest common factor of 176 and q.
22
Suppose 49*a - 331*a + 994896 = 0. What is the highest common factor of 7 and a?
7
Let v(n) = n**2 + 27*n - 1978. Let u be v(35). Calculate the greatest common divisor of 128 and u.
64
Let w(q) = 2*q**2 - 55*q + 42. Let r be w(25). Suppose -2*i - 96 = -18. Let u = i - r. Calculate the highest common factor of 4 and u.
4
Suppose 14*v - 17*v - 19*v + 2046 = 0. Calculate the greatest common divisor of v and 403.
31
Let l(u) = -95*u + 18. Let d(k) = k - 4. Let q be d(-5). Let a be l(q). Calculate the greatest common factor of a and 97.
97
Suppose 2*d = 2*y + 18, 0*y + 21 = 5*d + y. Let u(l) = 6*l + 225. Let p be u(-15). What is the highest common divisor of d and p?
5
Let z be 20/(-10) - (-6)/2*4. Let a(l) = -l**2 + 13*l - 19. Let m be a(z). What is the highest common factor of 2 and m?
1
Let x = 9 + -11. Let s be (-3)/(9/(-24)) + x. Suppose 60*q - 7224 = -26*q. What is the greatest common divisor of q and s?
6
Let s be 3/36 + (-1)/(288/(-16392)). What is the highest common divisor of s and 9519?
57
Let d(k) = -3*k**2 + 2*k + 8. Let o be d(0). Let z(y) = -y**2 + 6*y - 13. Let x be z(13). Let i = x + 192. Calculate the greatest common divisor of i and o.
8
Let n(i) = -948*i + 132. Let g be n(-5). Calculate the highest common divisor of 87 and g.
87
Suppose 5*h - 311 - 229 = 0. Suppose 2*q + h = 3*q. Let z be -1 - ((-3 - 4) + -6). Calculate the highest common divisor of z and q.
12
Suppose 176 = -18*q - 1534. Let o = 216 + q. What is the greatest common divisor of o and 22?
11
Let d be (11 + -7 - 14)/(1*5/(-42)). Calculate the greatest common divisor of 1239 and d.
21
Suppose -636 = 65*l - 8371. What is the greatest common divisor of 1904 and l?
119
Let q be ((-842)/(-33) - (-30)/(-165))*198/4. Calculate the greatest common factor of 342 and q.
114
Let k = 310 - 306. Suppose 0*r - 5*d = k*r - 519, 0 = -4*r + 4*d + 564. Calculate the highest common factor of 68 and r.
68
Suppose -62 + 244 = 14*v. Let d(m) = m**3 - 14*m**2 + 13*m + 17. Let h be d(v). What is the highest common factor of 68 and h?
17
Let v be (180/16)/((-24)/(-64)). What is the highest common factor of 465 and v?
15
Suppose 0 = r + 4*w - 112, 7*r - 6*w = -10*w + 592. What is the greatest common divisor of r and 130?
10
Let d = 117 + -117. Suppose -3*b = -b + 2*n - 216, d = -4*b + 2*n + 432. Calculate the highest common divisor of 270 and b.
54
Let w(g) = 2*g**2 + 8*g - 1. Let h(a) = -6*a**3 + 2*a**2 + 3*a + 2. Let l be h(-1). Let b be w(l). What is the greatest common divisor of b and 102?
51
Suppose v - 141 = -140. Suppose 0 = -4*k - 2*g + 174, 55 = 3*k - 5*g - 56. Calculate the greatest common factor of v and k.
1
Suppose -2*w + 3 = -7. Suppose 5*s - k - 72 = 0, -2 + w = k. What is the greatest common divisor of 825 and s?
15
Suppose 109550 = 68*y + 28494. What is the highest common factor of y and 8642?
298
Let f be ((-6)/4)/((-50)/4300). Let b = 470 - 126. What is the greatest common factor of b and f?
43
Suppose 0*a + a - 217 = -5*r, 0 = -4*a - r + 925. Suppose 141*c + 4*w = 138*c + 64, 4*c - 72 = -2*w. Calculate the greatest common factor of c and a.
8
Suppose -4*m - d = -13, 5*d = -10*m + 14*m - 31. What is the highest common factor of 3052 and m?
4
Let f = -5618 - -5681. Calculate the greatest common factor of 5229 and f.
63
Let s = -7799 + 7862. Calculate the greatest common factor of 2709 and s.
63
Let d = -17740 + 17993. Calculate the highest common divisor of 782 and d.
23
Suppose 5*n - 20 = 0, 4*d + n - 24 = -n. Let k be 1/(1 + 130/(-132)). Let h = k - 30. Calculate the highest common factor of d and h.
4
Let r(m) = 22*m - 11. Let t be r(3). Suppose -7 = -a - 3. Let y be (5/(-2))/(a/(-8)). Calculate the highest common divisor of t and y.
5
Let w = 2374 + -2305. Calculate the greatest common divisor of 207 and w.
69
Suppose -f + 3*o + 257 = 0, 3*o = 2*f + 2*f - 983. Suppose 3*k + a - 2*a = 267, 0 = -3*k + 4*a + 276. What is the highest common divisor of k and f?
22
Let b(j) = -39*j**3 + 9*j**2 + 43*j + 117. Let w be b(-4). What is the highest common factor of 376 and w?
47
Let r = 20 - 38. Let f be (-9)/(r/(-20)) - -4. Let x be (48 - 0)*f/(-9). What is the highest common divisor of x and 4?
4
Suppose 448*y - 15792 = -493*y + 283*y. What is the highest common factor of 15112 and y?
8
Suppose 18*y - 440 - 9 - 487 = 0. Calculate the greatest common factor of 1781 and y.
13
Let l be (-3)/6 - 418/4. Let h be (-30)/315 + 2396/21. Let g = l + h. What is the highest common divisor of g and 36?
9
Let v = 11839 - 11819. Suppose -2*x + 3*n = 2*x